{"id":21,"date":"2017-03-28T15:17:26","date_gmt":"2017-03-28T13:17:26","guid":{"rendered":"http:\/\/cours-piano-muret.fr\/?page_id=21"},"modified":"2025-05-16T12:30:08","modified_gmt":"2025-05-16T10:30:08","slug":"evenements","status":"publish","type":"page","link":"https:\/\/cours-piano-muret.fr\/?page_id=21","title":{"rendered":"\u00c9v\u00e8nements"},"content":{"rendered":"<h1>&nbsp;<\/h1>\n<h1 style=\"text-align: center;\"><span style=\"color: #ff0000; font-family: 'times new roman', times, serif;\"><span style=\"font-size: 36pt;\"><a href=\"https:\/\/cours-piano-muret.fr\/wp-content\/uploads\/2025\/05\/grande-affiche.jpg\"><img loading=\"lazy\" class=\"alignleft size-full wp-image-2981\" src=\"https:\/\/cours-piano-muret.fr\/wp-content\/uploads\/2025\/05\/grande-affiche.jpg\" alt=\"\" width=\"1417\" height=\"600\" srcset=\"https:\/\/cours-piano-muret.fr\/wp-content\/uploads\/2025\/05\/grande-affiche.jpg 1417w, https:\/\/cours-piano-muret.fr\/wp-content\/uploads\/2025\/05\/grande-affiche-300x127.jpg 300w, https:\/\/cours-piano-muret.fr\/wp-content\/uploads\/2025\/05\/grande-affiche-1024x434.jpg 1024w, https:\/\/cours-piano-muret.fr\/wp-content\/uploads\/2025\/05\/grande-affiche-768x325.jpg 768w, https:\/\/cours-piano-muret.fr\/wp-content\/uploads\/2025\/05\/grande-affiche-700x296.jpg 700w\" sizes=\"(max-width: 1417px) 100vw, 1417px\" \/><\/a>Le <\/span><\/span><span style=\"color: #ff0000; font-size: 36pt;\"><span style=\"font-family: 'times new roman', times, serif;\">Concert annuel de piano <\/span><\/span><\/h1>\n<h1 style=\"text-align: center;\"><span style=\"color: #ff0000; font-size: 36pt;\"><span style=\"font-family: 'times new roman', times, serif;\">du Jardin Musical<\/span><\/span><\/h1>\n<h1 style=\"text-align: center;\"><span style=\"color: #ff0000;\"><span style=\"font-family: 'times new roman', times, serif;\"><span style=\"font-size: 24pt;\">&nbsp;a eu lieu le<\/span><br>Dimanche 6 avril 2025&nbsp;<\/span><\/span><\/h1>\n<h1 style=\"text-align: center;\"><span style=\"color: #ff0000;\"><span style=\"font-family: 'times new roman', times, serif;\">\u00e0 <\/span><\/span><span style=\"color: #ff0000;\"><span style=\"font-family: 'times new roman', times, serif;\">15h00<\/span><\/span><\/h1>\n<h1 style=\"text-align: center;\"><span style=\"color: #ff0000;\"><span style=\"font-family: 'times new roman', times, serif;\">au th\u00e9atre de Muret<\/span><\/span><\/h1>\n<h1 style=\"text-align: center;\"><span style=\"color: #ff0000;\"><span style=\"font-family: 'times new roman', times, serif;\">&nbsp;place Layrisson&nbsp;<\/span><\/span><\/h1>\n<p style=\"text-align: center;\">&nbsp;<\/p>\n<p style=\"text-align: center;\"><span style=\"font-size: 18pt;\"><strong>Cette ann\u00e9e l&rsquo;histoire est la suivante<\/strong><\/span><\/p>\n<p style=\"text-align: center;\"><strong>\u00ab Union, r\u00e9union des diff\u00e9rences. Comment une aventure musicale peut r\u00e9unir tout un monde de petits animaux et d\u2019\u00eatres humains de toute sorte. \u00bb<br><\/strong><\/p>\n<p>&nbsp;<\/p>\n<p style=\"text-align: center;\">Vivons cela ensemble \u00e0 l\u2019occasion de cette f\u00eate annuelle.<\/p>\n<p><a href=\"https:\/\/cours-piano-muret.fr\/wp-content\/uploads\/2025\/05\/ticket-A4.jpg\"><img loading=\"lazy\" class=\"size-full wp-image-2980 aligncenter\" src=\"https:\/\/cours-piano-muret.fr\/wp-content\/uploads\/2025\/05\/ticket-A4.jpg\" alt=\"\" width=\"595\" height=\"842\" srcset=\"https:\/\/cours-piano-muret.fr\/wp-content\/uploads\/2025\/05\/ticket-A4.jpg 595w, https:\/\/cours-piano-muret.fr\/wp-content\/uploads\/2025\/05\/ticket-A4-212x300.jpg 212w\" sizes=\"(max-width: 595px) 100vw, 595px\" \/><\/a><\/p>\n<p><a href=\"https:\/\/cours-piano-muret.fr\/wp-content\/uploads\/2025\/05\/programme-2025-recto.jpg\"><img loading=\"lazy\" class=\"alignleft size-full wp-image-2978\" src=\"https:\/\/cours-piano-muret.fr\/wp-content\/uploads\/2025\/05\/programme-2025-recto.jpg\" alt=\"\" width=\"842\" height=\"595\" srcset=\"https:\/\/cours-piano-muret.fr\/wp-content\/uploads\/2025\/05\/programme-2025-recto.jpg 842w, https:\/\/cours-piano-muret.fr\/wp-content\/uploads\/2025\/05\/programme-2025-recto-300x212.jpg 300w, https:\/\/cours-piano-muret.fr\/wp-content\/uploads\/2025\/05\/programme-2025-recto-768x543.jpg 768w, https:\/\/cours-piano-muret.fr\/wp-content\/uploads\/2025\/05\/programme-2025-recto-700x495.jpg 700w\" sizes=\"(max-width: 842px) 100vw, 842px\" \/><\/a><a href=\"https:\/\/cours-piano-muret.fr\/wp-content\/uploads\/2025\/05\/programme-2025-verso.jpg\"><img loading=\"lazy\" class=\"alignleft size-full wp-image-2979\" src=\"https:\/\/cours-piano-muret.fr\/wp-content\/uploads\/2025\/05\/programme-2025-verso.jpg\" alt=\"\" width=\"842\" height=\"595\" srcset=\"https:\/\/cours-piano-muret.fr\/wp-content\/uploads\/2025\/05\/programme-2025-verso.jpg 842w, https:\/\/cours-piano-muret.fr\/wp-content\/uploads\/2025\/05\/programme-2025-verso-300x212.jpg 300w, https:\/\/cours-piano-muret.fr\/wp-content\/uploads\/2025\/05\/programme-2025-verso-768x543.jpg 768w, https:\/\/cours-piano-muret.fr\/wp-content\/uploads\/2025\/05\/programme-2025-verso-700x495.jpg 700w\" sizes=\"(max-width: 842px) 100vw, 842px\" \/><\/a><\/p>\n<p>&nbsp;<\/p>\n<p>&nbsp;<\/p>\n<h1>&nbsp;<\/h1>\n<h1 style=\"text-align: center;\">&nbsp;<\/h1>\n<h1 style=\"text-align: center;\">&nbsp;<\/h1>\n<p>&nbsp;<\/p>\n<p>&nbsp;<\/p>\n\n\n\n\n\n\n<p><a href=\"https:\/\/cours-piano-muret.fr\/wp-content\/uploads\/2024\/06\/PUBLIC.jpg\"><img loading=\"lazy\" class=\"aligncenter wp-image-2957 size-large\" src=\"https:\/\/cours-piano-muret.fr\/wp-content\/uploads\/2024\/06\/PUBLIC-1024x684.jpg\" alt=\"\" width=\"700\" height=\"468\" srcset=\"https:\/\/cours-piano-muret.fr\/wp-content\/uploads\/2024\/06\/PUBLIC-1024x684.jpg 1024w, https:\/\/cours-piano-muret.fr\/wp-content\/uploads\/2024\/06\/PUBLIC-300x200.jpg 300w, https:\/\/cours-piano-muret.fr\/wp-content\/uploads\/2024\/06\/PUBLIC-768x513.jpg 768w, https:\/\/cours-piano-muret.fr\/wp-content\/uploads\/2024\/06\/PUBLIC-1536x1025.jpg 1536w, https:\/\/cours-piano-muret.fr\/wp-content\/uploads\/2024\/06\/PUBLIC-2048x1367.jpg 2048w, https:\/\/cours-piano-muret.fr\/wp-content\/uploads\/2024\/06\/PUBLIC-700x467.jpg 700w\" sizes=\"(max-width: 700px) 100vw, 700px\" \/><\/a><\/p>\n","protected":false},"excerpt":{"rendered":"<p>&nbsp; Le Concert annuel de piano du Jardin Musical &nbsp;a eu lieu leDimanche 6 avril 2025&nbsp; \u00e0 15h00 au th\u00e9atre de Muret &nbsp;place Layrisson&nbsp; &nbsp; Cette ann\u00e9e l&rsquo;histoire est la suivante \u00ab Union, r\u00e9union des diff\u00e9rences. Comment une aventure musicale peut r\u00e9unir tout un monde de petits animaux et d\u2019\u00eatres &#8230;<\/p>\n","protected":false},"author":1,"featured_media":0,"parent":0,"menu_order":0,"comment_status":"closed","ping_status":"closed","template":"","meta":[],"yoast_head":"<!-- This site is optimized with the Yoast SEO plugin v20.3 - https:\/\/yoast.com\/wordpress\/plugins\/seo\/ -->\n<title>\u00c9v\u00e8nements - JARDIN MUSICAL FRAN\u00c7OIS-HAUGRIN MICHELINE<\/title>\n<meta name=\"robots\" content=\"index, follow, max-snippet:-1, max-image-preview:large, max-video-preview:-1\" \/>\n<link rel=\"canonical\" href=\"https:\/\/cours-piano-muret.fr\/?page_id=21\" \/>\n<meta property=\"og:locale\" content=\"fr_FR\" \/>\n<meta property=\"og:type\" content=\"article\" \/>\n<meta property=\"og:title\" content=\"\u00c9v\u00e8nements - JARDIN MUSICAL FRAN\u00c7OIS-HAUGRIN MICHELINE\" \/>\n<meta property=\"og:description\" content=\"&nbsp; Le Concert annuel de piano du Jardin Musical &nbsp;a eu lieu leDimanche 6 avril 2025&nbsp; \u00e0 15h00 au th\u00e9atre de Muret &nbsp;place Layrisson&nbsp; &nbsp; Cette ann\u00e9e l&rsquo;histoire est la suivante \u00ab Union, r\u00e9union des diff\u00e9rences. Comment une aventure musicale peut r\u00e9unir tout un monde de petits animaux et d\u2019\u00eatres &#8230;\" \/>\n<meta property=\"og:url\" content=\"https:\/\/cours-piano-muret.fr\/?page_id=21\" \/>\n<meta property=\"og:site_name\" content=\"JARDIN MUSICAL FRAN\u00c7OIS-HAUGRIN MICHELINE\" \/>\n<meta property=\"article:modified_time\" content=\"2025-05-16T10:30:08+00:00\" \/>\n<meta property=\"og:image\" content=\"https:\/\/cours-piano-muret.fr\/wp-content\/uploads\/2025\/05\/grande-affiche.jpg\" \/>\n<meta name=\"twitter:card\" content=\"summary_large_image\" \/>\n<meta name=\"twitter:label1\" content=\"Dur\u00e9e de lecture est.\" \/>\n\t<meta name=\"twitter:data1\" content=\"2 minutes\" \/>\n<script type=\"application\/ld+json\" class=\"yoast-schema-graph\">{\"@context\":\"https:\/\/schema.org\",\"@graph\":[{\"@type\":\"WebPage\",\"@id\":\"https:\/\/cours-piano-muret.fr\/?page_id=21\",\"url\":\"https:\/\/cours-piano-muret.fr\/?page_id=21\",\"name\":\"\u00c9v\u00e8nements - JARDIN MUSICAL FRAN\u00c7OIS-HAUGRIN MICHELINE\",\"isPartOf\":{\"@id\":\"https:\/\/cours-piano-muret.fr\/#website\"},\"datePublished\":\"2017-03-28T13:17:26+00:00\",\"dateModified\":\"2025-05-16T10:30:08+00:00\",\"breadcrumb\":{\"@id\":\"https:\/\/cours-piano-muret.fr\/?page_id=21#breadcrumb\"},\"inLanguage\":\"fr-BE\",\"potentialAction\":[{\"@type\":\"ReadAction\",\"target\":[\"https:\/\/cours-piano-muret.fr\/?page_id=21\"]}]},{\"@type\":\"BreadcrumbList\",\"@id\":\"https:\/\/cours-piano-muret.fr\/?page_id=21#breadcrumb\",\"itemListElement\":[{\"@type\":\"ListItem\",\"position\":1,\"name\":\"Home\",\"item\":\"https:\/\/cours-piano-muret.fr\/\"},{\"@type\":\"ListItem\",\"position\":2,\"name\":\"\u00c9v\u00e8nements\"}]},{\"@type\":\"WebSite\",\"@id\":\"https:\/\/cours-piano-muret.fr\/#website\",\"url\":\"https:\/\/cours-piano-muret.fr\/\",\"name\":\"JARDIN MUSICAL FRAN\u00c7OIS-HAUGRIN MICHELINE\",\"description\":\"Petites notes.\",\"potentialAction\":[{\"@type\":\"SearchAction\",\"target\":{\"@type\":\"EntryPoint\",\"urlTemplate\":\"https:\/\/cours-piano-muret.fr\/?s={search_term_string}\"},\"query-input\":\"required name=search_term_string\"}],\"inLanguage\":\"fr-BE\"}]}<\/script>\n<!-- \/ Yoast SEO plugin. -->","yoast_head_json":{"title":"\u00c9v\u00e8nements - JARDIN MUSICAL FRAN\u00c7OIS-HAUGRIN MICHELINE","robots":{"index":"index","follow":"follow","max-snippet":"max-snippet:-1","max-image-preview":"max-image-preview:large","max-video-preview":"max-video-preview:-1"},"canonical":"https:\/\/cours-piano-muret.fr\/?page_id=21","og_locale":"fr_FR","og_type":"article","og_title":"\u00c9v\u00e8nements - JARDIN MUSICAL FRAN\u00c7OIS-HAUGRIN MICHELINE","og_description":"&nbsp; Le Concert annuel de piano du Jardin Musical &nbsp;a eu lieu leDimanche 6 avril 2025&nbsp; \u00e0 15h00 au th\u00e9atre de Muret &nbsp;place Layrisson&nbsp; &nbsp; Cette ann\u00e9e l&rsquo;histoire est la suivante \u00ab Union, r\u00e9union des diff\u00e9rences. Comment une aventure musicale peut r\u00e9unir tout un monde de petits animaux et d\u2019\u00eatres &#8230;","og_url":"https:\/\/cours-piano-muret.fr\/?page_id=21","og_site_name":"JARDIN MUSICAL FRAN\u00c7OIS-HAUGRIN MICHELINE","article_modified_time":"2025-05-16T10:30:08+00:00","og_image":[{"url":"https:\/\/cours-piano-muret.fr\/wp-content\/uploads\/2025\/05\/grande-affiche.jpg"}],"twitter_card":"summary_large_image","twitter_misc":{"Dur\u00e9e de lecture est.":"2 minutes"},"schema":{"@context":"https:\/\/schema.org","@graph":[{"@type":"WebPage","@id":"https:\/\/cours-piano-muret.fr\/?page_id=21","url":"https:\/\/cours-piano-muret.fr\/?page_id=21","name":"\u00c9v\u00e8nements - JARDIN MUSICAL FRAN\u00c7OIS-HAUGRIN MICHELINE","isPartOf":{"@id":"https:\/\/cours-piano-muret.fr\/#website"},"datePublished":"2017-03-28T13:17:26+00:00","dateModified":"2025-05-16T10:30:08+00:00","breadcrumb":{"@id":"https:\/\/cours-piano-muret.fr\/?page_id=21#breadcrumb"},"inLanguage":"fr-BE","potentialAction":[{"@type":"ReadAction","target":["https:\/\/cours-piano-muret.fr\/?page_id=21"]}]},{"@type":"BreadcrumbList","@id":"https:\/\/cours-piano-muret.fr\/?page_id=21#breadcrumb","itemListElement":[{"@type":"ListItem","position":1,"name":"Home","item":"https:\/\/cours-piano-muret.fr\/"},{"@type":"ListItem","position":2,"name":"\u00c9v\u00e8nements"}]},{"@type":"WebSite","@id":"https:\/\/cours-piano-muret.fr\/#website","url":"https:\/\/cours-piano-muret.fr\/","name":"JARDIN MUSICAL FRAN\u00c7OIS-HAUGRIN MICHELINE","description":"Petites notes.","potentialAction":[{"@type":"SearchAction","target":{"@type":"EntryPoint","urlTemplate":"https:\/\/cours-piano-muret.fr\/?s={search_term_string}"},"query-input":"required name=search_term_string"}],"inLanguage":"fr-BE"}]}},"_links":{"self":[{"href":"https:\/\/cours-piano-muret.fr\/index.php?rest_route=\/wp\/v2\/pages\/21"}],"collection":[{"href":"https:\/\/cours-piano-muret.fr\/index.php?rest_route=\/wp\/v2\/pages"}],"about":[{"href":"https:\/\/cours-piano-muret.fr\/index.php?rest_route=\/wp\/v2\/types\/page"}],"author":[{"embeddable":true,"href":"https:\/\/cours-piano-muret.fr\/index.php?rest_route=\/wp\/v2\/users\/1"}],"replies":[{"embeddable":true,"href":"https:\/\/cours-piano-muret.fr\/index.php?rest_route=%2Fwp%2Fv2%2Fcomments&post=21"}],"version-history":[{"count":157,"href":"https:\/\/cours-piano-muret.fr\/index.php?rest_route=\/wp\/v2\/pages\/21\/revisions"}],"predecessor-version":[{"id":3003,"href":"https:\/\/cours-piano-muret.fr\/index.php?rest_route=\/wp\/v2\/pages\/21\/revisions\/3003"}],"wp:attachment":[{"href":"https:\/\/cours-piano-muret.fr\/index.php?rest_route=%2Fwp%2Fv2%2Fmedia&parent=21"}],"curies":[{"name":"wp","href":"https:\/\/api.w.org\/{rel}","templated":true}]}}